0 a factor of 10806?
False
Does 19 divide 1407805?
True
Is 344032 a multiple of 16?
True
Is 47 a factor of 2015119?
False
Does 451 divide 124025?
True
Does 7 divide 31763?
False
Is 8386544 a multiple of 19?
False
Does 204 divide 1634768?
False
Is 389 a factor of 367605?
True
Does 47 divide 1342951?
False
Is 66 a factor of 3458891?
False
Is 62250 a multiple of 25?
True
Is 2 a factor of 8460?
True
Is 21 a factor of 14694524?
False
Does 14 divide 90034?
True
Is 68 a factor of 4875668?
True
Is 25 a factor of 431410?
False
Does 209 divide 627?
True
Is 2271 even?
False
Is 11 a factor of 1744171?
True
Is 37 a factor of 328042?
True
Is 49064 a multiple of 10?
False
Does 43 divide 11483053?
False
Is 5410072 a multiple of 18?
False
Is 1050 a factor of 1629706?
False
Does 21 divide 52542?
True
Is 81 a factor of 10280682?
True
Is 427056 a multiple of 48?
True
Does 23 divide 310068?
False
Is 292 a factor of 5783934?
False
Does 8 divide 18973?
False
Is 174798 a multiple of 117?
True
Is 683768 a multiple of 143?
False
Does 29 divide 3810745?
True
Is 15 a factor of 688281?
False
Does 89 divide 243148?
True
Is 15132042 a multiple of 18?
True
Does 133 divide 11846806?
False
Is 12 a factor of 135958?
False
Does 19 divide 1846170?
False
Does 7 divide 390751?
False
Does 34 divide 3706248?
False
Does 192 divide 4097856?
True
Is 388 a factor of 190523?
False
Does 269 divide 10944908?
False
Does 42 divide 197862?
True
Is 514 a factor of 15427196?
True
Is 276 a factor of 2127571?
False
Is 652834 a multiple of 91?
True
Is 16497 a multiple of 35?
False
Is 16 a factor of 24928?
True
Does 226 divide 169726?
True
Is 138642 a multiple of 63?
False
Is 1186880 a multiple of 160?
True
Is 433095 a multiple of 139?
False
Does 506 divide 643126?
True
Does 104 divide 289143?
False
Does 182 divide 934570?
True
Is 27090 a multiple of 215?
True
Is 2842600 a multiple of 11?
False
Does 217 divide 185314?
False
Is 266827 a multiple of 58?
False
Is 2062034 a multiple of 23?
False
Does 5 divide 1288675?
True
Is 349068 a multiple of 76?
True
Is 2 a factor of 33457?
False
Does 83 divide 19665688?
True
Is 511981 a multiple of 10?
False
Is 58 a factor of 322814?
False
Does 136 divide 12069175?
False
Is 281 a factor of 90924?
False
Is 9471274 a multiple of 389?
False
Does 1362 divide 6323766?
True
Is 42 a factor of 1123169?
False
Does 506 divide 201560?
False
Is 16 a factor of 199576?
False
Is 22352 a multiple of 31?
False
Is 557699 a multiple of 5?
False
Is 960360 a multiple of 265?
True
Is 110 a factor of 2960100?
True
Is 51 a factor of 236487?
True
Is 824 a factor of 120304?
True
Is 32664 a multiple of 10?
False
Does 28 divide 157317?
False
Is 277101 a multiple of 33?
True
Does 148 divide 13468?
True
Is 66 a factor of 4561260?
True
Does 76 divide 394820?
True
Is 35 a factor of 374979?
False
Does 568 divide 23335712?
True
Is 430010 a multiple of 5?
True
Is 1281363 a multiple of 78?
False
Is 86 a factor of 1305607?
False
Does 17 divide 131019?
True
Is 1800 a multiple of 150?
True
Does 213 divide 125681?
False
Is 31912 even?
True
Is 23725356 a multiple of 12?
True
Does 53 divide 62998?
False
Is 5828967 a multiple of 12?
False
Is 308448 a multiple of 21?
True
Does 277 divide 1403282?
True
Is 46 a factor of 16867727?
False
Is 333 a factor of 151785?
False
Is 50616 a multiple of 72?
True
Is 15 a factor of 2761638?
False
Is 2676412 a multiple of 252?
False
Is 43557 a multiple of 269?
False
Is 103 a factor of 3215042?
True
Is 1694077 a multiple of 539?
True
Is 2346986 a multiple of 382?
False
Is 89 a factor of 1690822?
True
Is 927686 a multiple of 47?
True
Does 6 divide 498061?
False
Is 98 a factor of 2745540?
False
Does 134 divide 78926?
True
Is 609486 a multiple of 65?
False
Is 11934138 a multiple of 408?
False
Is 484 a factor of 60016?
True
Is 95550 a multiple of 70?
True
Is 520854 a multiple of 3?
True
Does 4 divide 4718817?
False
Is 8852415 a multiple of 33?
True
Is 59 a factor of 1660555?
True
Is 44 a factor of 11317852?
False
Is 62 a factor of 10461074?
True
Does 25 divide 324698?
False
Is 5 a factor of 2522386?
False
Does 57 divide 3212976?
True
Is 32 a factor of 1147040?
True
Is 4 a factor of 26725?
False
Is 6 a factor of 278450?
False
Is 2408473 a multiple of 10?
False
Is 1378896 even?
True
Does 14 divide 5867372?
True
Is 4790463 a multiple of 148?
False
Is 1332498 a multiple of 43?
False
Is 106 a factor of 557367?
False
Is 11 a factor of 732438?
False
Does 416 divide 425736?
False
Is 53 a factor of 633933?
True
Is 75 a factor of 1053000?
True
Is 849 a factor of 1421226?
True
Is 1447231 a multiple of 65?
False
Does 2 divide 11081?
False
Is 96624 a multiple of 15?
False
Does 69 divide 9453?
True
Is 555871 a multiple of 333?
False
Does 1519 divide 11041611?
True
Is 125 a factor of 286250?
True
Is 110078 a multiple of 50?
False
Is 17610082 a multiple of 259?
False
Is 3017133 a multiple of 15?
False
Is 465500 a multiple of 482?
False
Is 182 a factor of 536570?
False
Is 521455 a multiple of 209?
True
Does 308 divide 702420?
False
Is 120 a factor of 281160?
True
Is 1338 a factor of 2502686?
False
Is 136655 a multiple of 187?
False
Is 191880 a multiple of 20?
True
Is 328790 a multiple of 539?
True
Is 307 a factor of 1284488?
True
Does 60 divide 59427?
False
Does 7 divide 10966076?
False
Does 11 divide 1527929?
False
Does 1130 divide 2352660?
True
Does 55 divide 971575?
True
Is 1195953 a multiple of 41?
False
Is 1125286 a multiple of 13?
False
Is 51076 a multiple of 30?
False
Is 7595483 a multiple of 371?
True
Is 1346862 a multiple of 11?
True
Is 30 a factor of 817560?
True
Is 3 a factor of 4202?
False
Does 43 divide 129301?
True
Is 6946 a multiple of 151?
True
Is 59 a factor of 3015043?
False
Does 17 divide 47704?
False
Does 41 divide 741995?
False
Is 330323 a multiple of 29?
False
Is 19 a factor of 945796?
False
Does 195 divide 19110000?
True
Is 36 a factor of 56996?
False
Does 17 divide 147730?
True
Is 65 a factor of 8382790?
True
Is 13 a factor of 379656?
False
Does 12 divide 151800?
True
Is 11 a factor of 354937?
True
Is 856920 a multiple of 555?
True
Is 175934 a multiple of 585?
False
Is 97 a factor of 293876?
False
Is 85914 a multiple of 18?
True
Is 21 a factor of 85965?
False
Is 9601437 a multiple of 1241?
False
Does 12 divide 1570476?
True
Is 2801566 a multiple of 131?
True
Is 5 a factor of 2039837?
False
Does 38 divide 281010?
True
Is 792 a factor of 10373616?
True
Does 209 divide 518529?
True
Does 12 divide 1083969?
False
Does 263 divide 1052?
True
Is 533 a factor of 2182635?
True
Is 5 a factor of 83143?
False
Does 83 divide 177367?
False
Does 679 divide 1877999?
False
Is 1082578 a multiple of 17?
False
Is 7793 a multiple of 27?
False
Does 117 divide 195414?
False
Is 315669 a multiple of 139?
True
Is 98 a factor of 1911?
False
Is 1184940 a multiple of 15?
True
Is 61 a factor of 16181?
False
Does 25 divide 828800?
True
Is 98 a factor of 100940?
True
Is 24507675 a multiple of 25?
True
Is 29 a factor of 3340162?
True
Is 11 a factor of 1410974?
False
Is 15060 a multiple of 12?
True
Is 41540 a multiple of 268?
True
Is 36 a factor of 2248848?
True
Does 215 divide 256925?
True
Is 171 a factor of 12654?
True
Is 25960 a multiple of 110?
True
Is 4 a factor of 267684?
True
Is 2745369 a multiple of 99?
True
Is 338985 a multiple of 279?
True
Does 5 divide 135710?
True
Is 437621 a multiple of 587?
False
Is 20 a factor of 5559784?
False
Is 3420 a multiple of 3?
True
Does 40 divide 1439120?
True
Is 59631 a multiple of 33?
True
Is 386232 a multiple of 12?
True
Is 1359660 a multiple of 510?
True
Is 134986 a multiple of 10?
False
Is 228416 a multiple of 332?
True
Does 187 divide 7779200?
True
Does 279 divide 87393?
False
Is 3 a factor of 198925?
False
Is 36 a factor of 173333?
False
Does 27 divide 1623269?
False
Is 9 a factor of 110853?
True
Is 11 a factor of 187739?
False
Is 5725772 a multiple of 1478?
True
Does 118 divide 105359?
False
Is 32 a factor of 6138304?
True
Does 98 divide 166383?
False
Does 73 divide 11577362?
True
Does 106 divide 333441?
False
Is 14 a factor of 5417115?
False
Is 282 a factor of 925242?
True
Is 59 a factor of 2150196?
True
Is 30698012 a multiple of 37?
True
Is 6 a factor of 3071898?
True
Does 12 divide 6268992?
True
Is 266 a factor of 80499?
False
Is 100 a factor of 1950